757?
351586
In base 2, what is 1111111101100 + 111010011011?
10111010000111
In base 3, what is -1012101121120120 + -1221?
-1012101121122111
In base 15, what is -2151716 - -1?
-2151715
In base 6, what is -430 - -10010525?
10010055
In base 11, what is 15 + -1609869?
-1609854
In base 6, what is -110224 + -5234?
-115502
In base 11, what is -4330 - 40506?
-44836
In base 6, what is -5 - 1403435205?
-1403435214
In base 16, what is -5 - -138dc5?
138dc0
In base 2, what is 10100 + -1110000011011010?
-1110000011000110
In base 8, what is -1303346017 + 2?
-1303346015
In base 9, what is 2026565 + -25?
2026540
In base 3, what is -21101212111121010 - 1?
-21101212111121011
In base 6, what is -143000 + -12301?
-155301
In base 10, what is 1 - -10493413?
10493414
In base 12, what is -384341a31 - 4?
-384341a35
In base 6, what is -110 + -1135314?
-1135424
In base 16, what is -c82b620 - 4?
-c82b624
In base 3, what is 112 - 100211121222200?
-100211121222011
In base 15, what is -4 - -3c29c?
3c298
In base 12, what is 4683b + -445?
463b6
In base 11, what is 18148 + 15734?
32881
In base 10, what is 2257920 - 5?
2257915
In base 6, what is -422155303 - 50?
-422155353
In base 15, what is -8e2 + 1cc6?
13d4
In base 16, what is -233 - -40720?
404ed
In base 15, what is e4 + 76a89?
76b7d
In base 14, what is 3 + -941841?
-94183c
In base 11, what is 610aa2 - 59?
610a44
In base 6, what is 3040253500 + 4?
3040253504
In base 10, what is 50494 - 7314?
43180
In base 4, what is 312231021 - -3032?
312300113
In base 12, what is -18 + -b41a54?
-b41a70
In base 4, what is -1013 + -23333003?
-30000022
In base 11, what is 6525565 - 4?
6525561
In base 7, what is -6523 - 5301?
-15124
In base 13, what is 187 + -816c4c?
-816a95
In base 4, what is -10 - 303023310120?
-303023310130
In base 14, what is 199 + -b24b?
-b092
In base 5, what is -214 - -11030344?
11030130
In base 9, what is -384 + -62125?
-62520
In base 2, what is -110001001001010100010100010 - 1?
-110001001001010100010100011
In base 3, what is 1 + -111122111001121?
-111122111001120
In base 9, what is 0 + -6732840?
-6732840
In base 5, what is 42131 + -23403?
13223
In base 15, what is -2725 - 5341?
-7a66
In base 14, what is -2a + -5c5709?
-5c5735
In base 2, what is 101011011101111101001101 - 10?
101011011101111101001011
In base 14, what is 2 + 31d0a9?
31d0ab
In base 8, what is 233720543 - -40?
233720603
In base 3, what is -22011000122221 - -1201?
-22011000121020
In base 16, what is -5 - 39ca506?
-39ca50b
In base 7, what is -1632 + 52214?
50252
In base 5, what is 4 - -131242214?
131242223
In base 10, what is -10730 + -632?
-11362
In base 5, what is -3 - 10044410144?
-10044410202
In base 8, what is -43242 + 505?
-42535
In base 2, what is -111111111110010001111 + -10101001?
-111111111110100111000
In base 9, what is -5 + -143170762?
-143170767
In base 12, what is -7 + -568898?
-5688a3
In base 8, what is -27351 + 1062?
-26267
In base 7, what is 202615 + -22265?
150320
In base 9, what is 14587161 + -6?
14587154
In base 9, what is -2634748271 + 3?
-2634748267
In base 7, what is 22014544361 + -2?
22014544356
In base 6, what is -2 - 3435305210?
-3435305212
In base 4, what is 3 - 33013231333?
-33013231330
In base 3, what is -2001221222111201202 + 2?
-2001221222111201200
In base 11, what is -1 + -1a02186?
-1a02187
In base 14, what is 20b2 + 12566?
14638
In base 13, what is -141abc + -7?
-141ac6
In base 12, what is 9 - -4a777?
4a784
In base 8, what is 46733302 + -1?
46733301
In base 7, what is 150114121 + -143?
150113645
In base 8, what is -2465041 - 10?
-2465051
In base 12, what is 1a + 1074a?
10768
In base 10, what is 491686 - 5?
491681
In base 4, what is 2 + -123132000122?
-123132000120
In base 9, what is 4 - 4288603?
-4288588
In base 6, what is -20452222 - 2451?
-20455113
In base 6, what is 5455430 - 0?
5455430
In base 9, what is 263822676 - -3?
263822680
In base 9, what is -408 - -887658?
887250
In base 10, what is -38170401 - -4?
-38170397
In base 13, what is 56359c1 + 3?
56359c4
In base 11, what is -2 + 3821376?
3821374
In base 7, what is 61211 - -2414?
63625
In base 15, what is -4 - 2dd52?
-2dd56
In base 10, what is 503 + -8797?
-8294
In base 11, what is -209a - 72906?
-749a5
In base 14, what is -a73 + -33d0?
-4063
In base 7, what is -42 - 36654151?
-36654223
In base 5, what is -34111424 + 113?
-34111311
In base 15, what is -12 - a10b37?
-a10b49
In base 6, what is 4131220 + 1140?
4132400
In base 14, what is d97 + -4d239?
-4c282
In base 2, what is 100001110011 + 100111011001011110?
100111111011010001
In base 16, what is f68 + 1cf?
1137
In base 10, what is -47 + 372895?
372848
In base 4, what is -11 - -3022201300031?
3022201300020
In base 15, what is e759 - 23a?
e51e
In base 14, what is 9486 - 1a3d?
7847
In base 16, what is -15e6487 + 2?
-15e6485
In base 10, what is 4803 + -67341?
-62538
In base 15, what is 1 - 431220?
-43121e
In base 12, what is -5b2 + a3119?
a2727
In base 11, what is -1 - -930701?
930700
In base 10, what is -121937 - -1949?
-119988
In base 4, what is 3323223213 - 21200?
3323202013
In base 14, what is 13a4a + -2b94?
10c96
In base 3, what is -210120011 - -1012121?
-202100120
In base 7, what is -33334340 + -12?
-33334352
In base 2, what is -100000001010001111101 + 11111?
-100000001010001011110
In base 8, what is -137 + 64024752?
64024613
In base 5, what is 31203303442 + -2?
31203303440
In base 16, what is 3f25 + 1169?
508e
In base 12, what is -74bb61 + 6?
-74bb57
In base 16, what is -71731 + 12?
-7171f
In base 14, what is 402 - 192a68?
-192666
In base 11, what is -3784 + 1502?
-2282
In base 2, what is 1010 - -1000001011111100010110101110?
1000001011111100010110111000
In base 16, what is -3ef + -24b4?
-28a3
In base 2, what is 110111100 - -11100100011110010100?
11100100100101010000
In base 6, what is -1013 + -1453115?
-1454132
In base 15, what is 72923d + -d?
729230
In base 15, what is -85058 - 2?
-8505a
In base 15, what is -267769 + -63?
-2677cc
In base 6, what is 412115 - -3330?
415445
In base 11, what is 4935a34 - -33?
4935a67
In base 13, what is -817 - -25164?
2464a
In base 9, what is 131582625 - 1?
131582624
In base 4, what is 13 - 102331021133?
-102331021120
In base 7, what is -3260 - -351331?
345041
In base 5, what is 1041 - 34143414?
-34142323
In base 3, what is -100111 - 22001212222?
-22002020110
In base 13, what is -73262 - 15?
-73277
In base 13, what is 20 - -4ba03b2?
4ba0402
In base 13, what is 749b5 + 1?
749b6
In base 2, what is 1110010001101010110100111 + 101?
1110010001101010110101100
In base 4, what is 100103023 + -2231?
100100132
In base 16, what is -2 - -c232014?
c232012
In base 9, what is -247 - 1351165?
-1351423
In base 8, what is -16171702 + -3?
-16171705
In base 13, what is 323c2 - 304b?
2c374
In base 13, what is 4a808636 + 5?
4a80863b
In base 15, what is -11 - 194a730?
-194a741
In base 10, what is -2229 - 41980?
-44209
In base 16, what is 181ca + -3f2?
17dd8
In base 5, what is 3 - 43432334414?
-43432334411
In base 10, what is -2602 - -6547?
3945
In base 2, what is 11 + -100010100000000110000010?
-100010100000000101111111
In base 16, what is -702066 + -9?
-70206f
In base 6, what is 1213 + -355430?
-354213
In base 10, what is 43 - -21508?
21551
In base 8, what is -20554 + -215262?
-236036
In base 15, what is -9a95b1 + -5?
-9a95b6
In base 7, what is -10114540 + -4?
-10114544
In base 16, what is 109b6a - 23?
109b47
In base 10, what is 0 + 30225377?
30225377
In base 5, what is 321013044422 + 13?
321013044440
In base 10, what is 1254 - -857834?
859088
In base 15, what is -41d - -2d8?
-135
In base 14, what is 1114bd + 0?
1114bd
In base 6, what is -100513331 - 1354?
-100515125
In base 4, what is -210023221 + -102?
-210023323
In base 2, what is 101101001111110111010010011101 - 100?
101101001111110111010010011001
In base 4, what is 133112301313 + 3?
133112301322
In base 11, what is -898 + 90?
-808
In base 13, what is -71a5c8 + 57?
-71a571
In base 13, what is b44152 + -8?
b44147
In base 11, what is 552 + 64a0?
6a42
In base 7, what is 3 + -115142234?
-115142231
In base 5, what is -121232 + -21042?
-142324
In base 2, what is -100110010000010110011001 + 10?
-100110010000010110010111
In base 10, what is 221 - 262004?
-261783
In base 11, what is -3 + 73337302?
733372aa
In base 16, what is 6011a3 - 4?
60119f
In base 2, wh